Determine q(-2).
-13
Let u(m) = -m**2 - 8*m + 1. Let x(a) = -2*a**2 - 9*a. Let d = 4 - 1. Suppose -d + 9 = -3*i. Let c(s) = i*x(s) + 3*u(s). What is c(4)?
-5
Let x(z) = 3*z + 3. Suppose -1 = -0*s + s. Let c be -1*(s - (-18)/(-2)). Let r = 6 - c. Determine x(r).
-9
Suppose -3*v - 13 = -4*r - 0*r, v + 1 = -2*r. Let i(h) be the third derivative of -h**6/120 - h**5/30 + h**4/8 + h**3/6 + 4*h**2. Determine i(v).
1
Let h(j) = j**2 + 7*j - 1. Let p = -12 - -17. Let f be -4 - (-4 + p - 0). What is h(f)?
-11
Let r(k) = -3*k**2 + 1 + 2 - 2 - 2*k + 2. Let u be ((-2)/5)/(6/(-30)). Calculate r(u).
-13
Let h(u) = -u**3 - u - 16. Suppose 10 + 7 = -x + 2*g, -2*x - 33 = -3*g. Let w = -15 - x. What is h(w)?
-16
Let x(h) = 6*h - 1. Let l be (4 - -2)/(4/2). Let q = 4 - l. What is x(q)?
5
Let a(t) = -2*t + 4. Let b(v) = -1. Let z(d) = -a(d) - 5*b(d). Let k be 6/(-2) + (1 - -3). What is z(k)?
3
Let w(t) = t**3 + 8 - 301*t + 6*t**2 + 150*t + 152*t. Suppose 12 = -5*z + 3*z. Calculate w(z).
2
Suppose 3*k - i - 8 = 4*i, -2*k = -4*i - 6. Let d be 0 + (0 - (k - 1)). Let l(z) = z**3 + z**2 - 2. Give l(d).
-2
Let o(f) = 3*f + 2. Let j = -13 - -23. Suppose 0*d - 5*d = 2*b + j, -4*b + 40 = -5*d. What is o(d)?
-10
Let r(s) = -4 + 1 + 7 + s + s. Calculate r(3).
10
Let u(v) = -6*v**3 + 1. Let f be ((-2)/2 + 5 - 3)/(-1). Calculate u(f).
7
Let z(i) = 3*i**2 - 3*i. Suppose 0 = 3*y - 12*y + 18. Calculate z(y).
6
Let x(u) be the first derivative of 3*u**2 + 5*u - 1/3*u**3 + 1. Let t be (-42)/(-8) - 1/4. Calculate x(t).
10
Suppose 0 = -2*p + 4. Let s(v) = v**p - 5 - 4*v + 4 + 5. What is s(4)?
4
Let z(s) be the second derivative of -s**5/20 - s**4/6 + 2*s**3/3 + 3*s**2/2 + s - 41. Let f be (0/(-1) + 2)*-1. What is z(f)?
-5
Let u(d) be the first derivative of -d**3/3 + 2*d + 54. What is u(0)?
2
Let f(c) = -3*c - 5. Suppose -25 = 2*d + 3*d. Calculate f(d).
10
Suppose 0 = 3*q - 0 + 12. Let t(s) = -s + 1. Let r be t(2). Let o be r + (2/(-1) - q). Let j(k) = -6*k. What is j(o)?
-6
Let c(j) = -2*j - 6. Let w be c(-5). Suppose 3*i - 3*z = -4*z + 12, 2*z = 2*i. Let u(o) = 3*o**2 - o**3 + 4 + 0 + 5*o - i + 0*o**2. Determine u(w).
5
Let w(z) = z**3 + 3*z**2 - z. Let j(v) = 3*v**2 + 2*v + 1. Let n be j(-1). Suppose u = n + 5. Let x = 4 - u. Determine w(x).
3
Let f = -11 - -5. Let r = f - -9. Suppose -r*l + 8 = -10. Let k(y) = -y. Give k(l).
-6
Let p(v) be the second derivative of 1/3*v**4 - 1/20*v**5 + 2*v + 5/6*v**3 + 0 + 2*v**2. Calculate p(5).
4
Let g(r) be the first derivative of -r**3/3 - r**2 + 4*r - 16. Calculate g(-3).
1
Let z(i) = 4*i**2 + 3*i + 1. Suppose -2 - 4 = -4*m - o, -14 = -4*m + 3*o. Suppose 4 = -3*j - m. What is z(j)?
11
Suppose 4*z + 7 + 25 = 0. Let n(b) = -b**2 - 9*b - 12. Let f be n(z). Let x(s) = -s**3 - 3*s**2 + 2*s - 2. Give x(f).
6
Let g(l) = l**3 + 4*l**2 + 4. Let b(i) = 4*i**2 + 1. Let z be b(1). Let t be 26/z - (-6)/(-30). Suppose x - 8 = 3*x - 5*o, t*o = 0. What is g(x)?
4
Let t(c) be the second derivative of c**4/2 + c**3/3 + c**2/2 + 5*c. Calculate t(-1).
5
Let n(m) = 2*m - 6*m + 7 - 11 + 6. Determine n(2).
-6
Let l = 0 + 1. Suppose -3*v + 2 = 2*b - 0, b - l = -v. Let u(o) = -o**3 - o - 1. Let h(j) = 4*j**3 + 4*j**2 + 7*j. Let r(n) = b*h(n) + 5*u(n). Determine r(4).
3
Let g(t) = -t**2 + 0 + 10 - 6. Determine g(0).
4
Let l(r) = -4*r + 9. Let z(q) = 8*q - 19. Let s(b) = -5*l(b) - 2*z(b). Calculate s(7).
21
Let z(l) = l - 4. Let a(v) = v**2 - 6. Let o be a(0). Determine z(o).
-10
Let q(i) = i**3 - 11*i**2 + 10*i. Suppose x = 9*x - 80. What is q(x)?
0
Let n(v) be the third derivative of -7*v**4/8 + v**3/6 + 37*v**2. What is n(1)?
-20
Suppose 9*k = 18*k - 99. Let d(i) = i - 9. Determine d(k).
2
Let i(z) = -z**2 - 4*z + 5. Let x = 4 + -5. Let p = -6 - x. Calculate i(p).
0
Let w(r) = -r - 4. Let f(p) = -3. Let t(c) = -3*f(c) + 2*w(c). Suppose 5*z = 25 + 5. Suppose -4*d + 5*m = z, 1 = -d - 4*m + 10. Calculate t(d).
-1
Let a = 10 + -10. Suppose a = y - 7 + 2. Let z(s) = 2*s - 3. Determine z(y).
7
Let h(c) = 0*c + 3*c - 2*c - 2. Let k(u) = u**2 - 4*u - 1. Let g = 2 - 0. Let q be k(g). Calculate h(q).
-7
Let j be 28/70 - (-23)/5. Let c(z) = -z**3 + 4*z**2 + 5*z + 7. What is c(j)?
7
Suppose -n = 2*b - 6, 3*n = -2*b - 1 - 1. Let k(u) be the first derivative of -u**3/3 + 5*u**2/2 - 4*u - 9. Give k(b).
-4
Suppose x - 12 = -3*x. Let n = 0 + x. Let b(m) = -4*m**2 + 2*m + 1. Let h(l) = -5*l**2 + 3*l + 1. Let d(w) = n*h(w) - 4*b(w). Give d(2).
5
Let p(j) = 11*j**2 - 2*j + 1. Let i be 3/(-9) + 7/3. Let f be 1/(-2)*-1*i. Calculate p(f).
10
Let r(l) = 4*l**3 + 9*l**2 + 11*l + 7. Let u(i) = -i**3 - i**2 - i. Let p(o) = -r(o) - 3*u(o). Let k = 1 - -4. Let m be ((-3)/(-1))/(-3)*k. Determine p(m).
8
Let w(m) = -1 - m**3 + 0*m**3 - m**2 - 5. Suppose -t + 1 + 2 = 0. Suppose t*f + f = 0. What is w(f)?
-6
Let m(k) = 10*k**3 + k**2 - 1. Let a be (0 - 1)*0/2. Suppose 3*v + 2*h + a = 1, 2*v - 4*h + 10 = 0. What is m(v)?
-10
Suppose 0 = -0*x + 3*x - 12. Let p(w) = w - 8. Let a be p(10). Let s(q) = 0 - 3 + 2*q**2 - 3*q**a + 5*q. Determine s(x).
1
Let r(v) be the second derivative of v**3/3 + v**2/2 + 8*v. What is r(-3)?
-5
Suppose -5*i = -58 + 13. Let j(b) = -b**2 + 11*b - 10. Determine j(i).
8
Let d(b) = b**2 + 2*b - 6. Let z be (27/21 - 1) + 66/14. What is d(z)?
29
Let x(f) = -f**3 - f**2 + 3*f - 2. Suppose c - 3*c = 30. Let v = c + 12. Calculate x(v).
7
Let d(u) = -u + 6. Suppose j - 3 = 2*r - 4*r, r + 2*j = 6. Let z = r + 3. Give d(z).
3
Let o(d) be the second derivative of d**4/12 - 2*d. Let i = 16 - 17. Give o(i).
1
Let x(r) be the third derivative of -r**2 - 1/360*r**6 - 1/3*r**3 + 0 - 1/12*r**4 + 0*r - 1/24*r**5. Let n(s) be the first derivative of x(s). Calculate n(-5).
-2
Suppose 4*v = -0*v. Suppose o - 1 - 1 = v. Let c(u) = -u**3 + u**2 + 1. Give c(o).
-3
Let m(a) be the third derivative of 1/60*a**5 + 0*a + 0 - 1/6*a**3 - 1/24*a**4 - a**2. Let q = -5 - -3. Determine m(q).
5
Let z = 37 + -31. Let v(x) = -x**2 + x - 1. Let g(j) = j**3 - 3*j**2 - 8*j + 5. Let a(b) = -g(b) - 2*v(b). Give a(z).
-3
Let x(h) = 2*h - 15. Let y be x(6). Let g(j) = j**2 + 2*j + 1. Give g(y).
4
Let m(z) be the second derivative of -3*z**2 + 0 - z**3 - 1/12*z**4 - 3*z. Calculate m(-6).
-6
Let r(g) = -g**3 + 4*g**2 - 2*g + 2. Let n(p) = -5*p**3 + p + 1. Let z be n(-1). Suppose a + 56 = z*a. Suppose 0 = -5*v + 6 + a. Give r(v).
-6
Suppose 0 = -11*m + 8*m + 6. Let o(h) = -4*h**2 + 18*h + 21. Let d(x) = x**2 - 6*x - 7. Let w(l) = m*o(l) + 7*d(l). What is w(-5)?
-2
Let n(o) = -2*o**2 + 4*o + 5*o**2 - 3*o - 5*o**2. Calculate n(1).
-1
Let z(y) = -5*y + 3*y + 2 - 1. Let a be 4/6 + -5*(-3)/45. Calculate z(a).
-1
Let d(l) = l**3 + 2*l**2 - 5*l - 3. Let s be (-75)/24 + (-1)/(-8). Calculate d(s).
3
Let t(a) = a**2 - a - 4. Let v be 1 + (2 - 0/1). Calculate t(v).
2
Let d(i) be the first derivative of -1/2*i**2 + i + 1. Determine d(1).
0
Let d = 12 - 24. Let h = -13 - d. Let r(u) = 2*u**3 - u. Calculate r(h).
-1
Let p(u) = -u - 12*u**2 + 18 + 2*u + 13*u**2 - 2*u - u**3. Calculate p(0).
18
Let s(w) = 4*w**2 + 6*w - 12. Let h(v) = -v**2 - 2*v + 4. Let u(i) = 7*h(i) + 2*s(i). Give u(3).
7
Let o(g) be the third derivative of g**6/120 + g**5/15 - g**4/6 + g**3/2 + 19*g**2. What is o(-5)?
-2
Let k(n) = 2*n + 0*n - 3 + n. Let q(f) = -f**2 + 5*f - 2*f + 3*f**2. Let c be q(-2). What is k(c)?
3
Let s(l) = l**3 + 4*l**2 - 3. Suppose 4*d - 6 = -2*q, 4*q - d + 4*d + 3 = 0. Give s(q).
6
Suppose 0 = 5*a - 4*z + 41, 5*a = 3*z + 2*z - 45. Let n(h) = -h - 9. Give n(a).
-4
Let o(g) = 4*g**3 - g**2 - g. Let z be 3/6 - (-2)/(-4). Let h(x) = x**3 - x**2 + x - 1. Let d be h(z). Give o(d).
-4
Let f(y) = -y - 1. Let v(m) = -4*m + 6. Let x(c) = -6*f(c) + v(c). Calculate x(-8).
-4
Let g(a) = -a. Let b(m) = 5*m + 5. Let u(q) = b(q) + 3*g(q). Suppose -3 + 1 = -j. Suppose -2*p - 22 + 1 = 5*l, -16 = 4*l + j*p. Determine u(l).
-5
Let a(r) = 2*r**2 + 5*r + 5. Let y be a(-2). Let k be (-17)/34 - y/2. Let i(j) = -j + 2. What is i(k)?
4
Let k(g) = g**2 - 5*g. Let p(d) = d**3 + 4*d**2 - d. Let x be ((-3)/2)/((-3)/(-8)). Let z be p(x). Suppose -z*v = -v - 9. Determine k(v).
-6
Let j(v) be the third derivative of 0*v + 1/8*v**4 + 1/120*v**6 + 1/6*v**3 + 0 - v**2 + 1/12*v**5. What is j(-4)?
5
Let b(v) = v + 5. Let w be (-8)/(-10) + 42/35. Let m be ((-15)/12)/(w/(